s the tens digit of t?
4
Suppose 381 = 5*v + 36. What is the units digit of v?
9
Suppose -5*v + 7 = -3. What is the units digit of v?
2
What is the hundreds digit of 6/(-4)*928/(-6)?
2
Suppose 2*u - 3 = 7. Suppose f = 2*v + 3*v - 33, -u*v = -4*f - 27. Let r = v + -6. What is the units digit of r?
1
Let u be 2/(-8) + 5/4. Suppose -5*h - 35 = -5*k, h - 1 = -2*k + u. What is the units digit of k?
3
Let g(x) = x**2 - 8*x - 6. Let s be (-8)/12 - (-58)/6. What is the units digit of g(s)?
3
Suppose 0 = 4*a - 2*t - 178, -4 = 5*t + 11. What is the tens digit of a?
4
Let c = -5 + 9. Let y be -1 + 4 + c/2. Suppose -2 = -y*f + 3. What is the units digit of f?
1
Let a = -44 + 66. What is the tens digit of a?
2
Let y(s) = 41*s**3 - s**2 - s + 1. Let h = -4 + 5. What is the tens digit of y(h)?
4
Suppose -2*h - q + 3 + 0 = 0, 5*h = 5*q + 45. Suppose 0 = 2*u - s - 10, -h*u - s - 25 = -9*u. Suppose 0 = -u*j + 4 + 51. What is the units digit of j?
1
Let n = 5 + -1. Let x = 13 + -3. Suppose 2*l = n*l - x. What is the units digit of l?
5
Let t = -6 - -9. Let j(b) = 3 - 5*b - 3*b + 5*b + 3*b**t - 2*b**2 + 0*b. What is the units digit of j(2)?
3
Suppose 0 = -2*a, -3*n - 2*a = -3*a - 108. What is the units digit of n?
6
Suppose -4*n + 4*j = -784, -4*j - 490 = -3*n + 96. What is the hundreds digit of n?
1
Let o(k) = 2*k + 11. Let g(s) = -s - 5. Let q(z) = 7*g(z) + 4*o(z). Let j be q(-4). Suppose -i = -j*i + 8. What is the units digit of i?
2
Let v(a) = -a + 2. Let i(x) = -x**3 - 6*x**2 + 6*x - 9. Let f be i(-7). Let b be v(f). Suppose -b*n + 2 = -2. What is the units digit of n?
1
Suppose -5*s + 0*g = 2*g - 101, 0 = -4*s - 4*g + 88. What is the tens digit of s?
1
Let w(k) = k + 1. Let a be w(-10). Let j = 14 + a. Suppose -j*h - 2*o = 1 - 82, -33 = -3*h + 4*o. What is the tens digit of h?
1
Let w(u) be the third derivative of u**6/120 - u**5/12 - 7*u**4/24 + 7*u**3/6 - 4*u**2. Let b = -2 - -8. What is the units digit of w(b)?
1
Let q(y) = -y**3 - 5*y**2 - 4*y - 5. Let u be q(-5). Let f = 3 - 10. Let c = f + u. What is the units digit of c?
8
Let b(a) = 21*a + 15. What is the units digit of b(4)?
9
Let p = 2 - -2. Let y = p - 2. Suppose -3*w + y*k + 9 = 4*k, w + 14 = 5*k. What is the units digit of w?
1
Let m(i) = 2*i**2 - 3*i - 25. What is the units digit of m(-5)?
0
What is the tens digit of 12*(-7)/(42/(-27))?
5
Let j(z) = -8*z**3 - 1. Let i be j(-1). Let y = 4 + -2. What is the units digit of (-3 + i)/(y/5)?
0
Let h = 109 + -75. Suppose -y + h = y. What is the units digit of y?
7
Let h(s) be the first derivative of 1 - 1/3*s**3 - 2*s + 11/2*s**2. What is the units digit of h(9)?
6
Let b(j) = 11*j**3 - 6*j**2 - 17*j + 20. Let y(r) = 4*r**3 - 2*r**2 - 6*r + 7. Let i = 4 + 2. Let m(s) = i*b(s) - 17*y(s). What is the units digit of m(-2)?
9
Let i be (-1)/2*(2 + 70). What is the tens digit of (4/(-8))/(1/i)?
1
Let i(d) = -d**3 + 6*d**2 + d + 9. Let c be i(7). Let z = c + 49. Suppose -z = -t - 5. What is the units digit of t?
1
Suppose -3*r - 2*r + 3*z + 7 = 0, 4*z = r - 15. Let b(q) be the third derivative of q**5/30 + 3*q**2. What is the units digit of b(r)?
2
Let q(w) = -4*w**3 - 2*w**2 - w. What is the tens digit of q(-2)?
2
Let n = -21 + 31. Let v = -8 + n. Suppose 7*m + 25 = v*m, -2*l = -m - 29. What is the tens digit of l?
1
Let s(h) = 10*h + 4. What is the units digit of s(15)?
4
Suppose 2*x = 3*x + 3. Let n be (0 - -7) + x + 1. Suppose -3*d + 2*d = -n. What is the units digit of d?
5
Let l be -4 + 1 - (0 + -2). Let f = l - -3. Suppose f*q + 16 = 6*q. What is the units digit of q?
4
Let p = 12 - 0. Let v(o) = o**3 - 11*o**2 - 11*o - 10. What is the units digit of v(p)?
2
Suppose -j = -0*j. Suppose j = -5*g + 5*c + 110, 5*c = -4*g + 3*g + 52. What is the tens digit of g?
2
Let u(g) = -g - 6. Let z be u(-8). Suppose -3*f + 4*q + 40 = f, 0 = f - z*q - 6. What is the tens digit of f?
1
Suppose 2*v = -v - 3*f + 102, 16 = v - 5*f. What is the tens digit of v?
3
Let l(w) = w - 14. Let c be l(7). Let t = c - -18. Suppose -t = -v - 5. What is the units digit of v?
6
Let q = -2 - -2. Suppose 0 = -q*v - 3*v - 27. Let b(z) = -z**3 - 10*z**2 - 10*z - 8. What is the units digit of b(v)?
1
What is the units digit of (2 - -1) + 7 + 22?
2
Suppose 4*p + 8 = 0, 2*y + y - 54 = -3*p. What is the units digit of y?
0
Suppose 0*m - 3*m = -168. What is the tens digit of m?
5
Suppose -r = -5*a + 42, -4*a + 2*a = -r - 18. Let d(b) = -b**2 + 9*b + 1. What is the units digit of d(a)?
9
Suppose 2*s = -2*s + 3*y + 253, 4*s + 3*y = 259. What is the tens digit of s?
6
Suppose -2*r - 120 = -244. What is the tens digit of r?
6
Let f = -101 + 164. What is the units digit of f?
3
Let i(o) = 45*o + 38. What is the tens digit of i(7)?
5
Let a(x) = x**2 - 1. Let b be a(1). Suppose -6 = -2*l - b*l. Suppose 4*t = 3*i + 13, 4*t + t - l*i - 20 = 0. What is the units digit of t?
7
Let s(k) = k - 5. Let c be s(4). Let w be 1/((-1)/(-56)) + c. Suppose -3*m + 29 = -g, 5*m + 0*g - w = 5*g. What is the units digit of m?
9
Let p be ((-8)/(-6) + 0)*3. Let o be (-18)/15*(-10)/p. Let x(z) = z**3 - 3*z**2 + 4*z - 3. What is the units digit of x(o)?
9
Suppose 5*u = 6 + 4. What is the units digit of u?
2
Suppose 5*w + 14 = 4*j, 0 = -2*j + 4*w + 12 - 2. What is the units digit of j?
1
Let t(l) = -l - 1. Suppose -3*v = 5*r - 4, 0*v - 2*r + 10 = 4*v. Suppose -2 = -v*i - 17. What is the units digit of t(i)?
4
Let v = 119 + -200. What is the units digit of v/(-6)*(-8)/(-6)?
8
Suppose -21 = 3*u - 6. Let k = u - -7. Suppose -k = x, -3*x - 90 = -5*z + 2*x. What is the tens digit of z?
1
Let q(j) be the second derivative of 1/20*j**5 - 11/6*j**3 + 0 + 2*j + 7/12*j**4 - 6*j**2. What is the units digit of q(-8)?
2
Suppose 0 = 2*k - 4, -3*x + k = 27 - 340. What is the tens digit of x?
0
Let i(m) = -m + 2. Let l be i(4). Suppose 5 = 2*k - 3*k. What is the tens digit of 384/40 + l/k?
1
Suppose -4 = 2*o - 0*o. Let h = 3 - o. Suppose 1 = -2*s - 3, h*s + 18 = 4*g. What is the units digit of g?
2
Let z(q) = q**3 + 6*q**2 + 4*q - 2. Suppose -4*p - 6 - 10 = 0. What is the tens digit of z(p)?
1
What is the units digit of (12/(-8))/((-9)/138)?
3
Let m(z) = -z - 1. Let a(c) = 4*c + 5. Let h(w) = a(w) + 6*m(w). What is the units digit of h(-6)?
1
Let a(c) = c**2 - 1. Let g(x) = 0*x**2 - 1 + 0 - 2*x - 3*x**2. Let b be g(-1). What is the units digit of a(b)?
3
Let k(m) be the third derivative of -m**5/60 - 3*m**4/8 + m**3/3 - 3*m**2. What is the units digit of k(-9)?
2
Let f(k) be the first derivative of k**4/4 - 2*k**3/3 + k**2 - 3*k + 1. Let t(q) be the first derivative of f(q). What is the units digit of t(3)?
7
Suppose 2*f = -2*s + 28, 2*s - f = -4*f + 29. What is the units digit of s?
3
Suppose 4*g - 3*f = 202, 0 = 6*g - g + 3*f - 239. What is the units digit of g?
9
Suppose 5*h - 2*h + 2*g - 391 = 0, h = g + 137. What is the units digit of h?
3
Suppose 5*o - 2*m + 6*m + 16 = 0, -2*m = 3*o + 8. Suppose 3*u + 12 = o, -3*z - 32 = -4*z + 5*u. What is the tens digit of z?
1
Suppose -2*u + 24 = -6*u. What is the tens digit of (u + -2)*45/(-20)?
1
What is the units digit of 39 - (3 - 0)/3?
8
Let i(n) = -n**2 + 2*n + 2. Let b be i(4). What is the units digit of (-335)/(-35) - b/14?
0
Let a = 54 - 12. Suppose 5*w = 4*s + 78, -5*w + a = -3*s - 34. Suppose 0 = 5*d - w - 16. What is the units digit of d?
6
Suppose 1 = -0*f - f. What is the units digit of (16/(-20))/(f/15)?
2
Let m = 1 - -2. Suppose u - m*u = -6. What is the units digit of u?
3
Suppose 4*n - 92 = 24. What is the units digit of n?
9
Let o = 118 - 18. What is the units digit of o?
0
Suppose 0 = 4*y - 3*c - 205, -y = 2*y + 2*c - 158. Suppose -3*z + y + 2 = 0. What is the units digit of z?
8
Suppose -4*c - 2*x = -2, -2 = -x - 1. Let s(n) = 2*n + c*n - n**3 + 2*n + 3. What is the units digit of s(-2)?
3
Let j = -35 + -3. Let l = 53 + j. What is the tens digit of l?
1
Let h be (-39)/18 + 1/6. What is the units digit of (2/h)/(5/(-30))?
6
Suppose -10*v = -14*v + 124. What is the units digit of v?
1
Let p(g) = -g**2 - 4*g + 1. Let x be p(-2). Suppose -3*w + 2*h = 4 - 2, 20 = x*h. Suppose -3*a + 35 = -a - b, -w*a - 5*b = -41. What is the units digit of a?
8
Let c be 14/(-63) - 20/(-9). Suppose -c*n + 0*k = -2*k - 12, 0 = -2*k. What is the units digit of n?
6
Let a(c) = c**2 - 5*c - 12. Wha